d 198?
33
Calculate the greatest common divisor of 130 and 35087.
13
What is the highest common factor of 352252 and 2324?
332
What is the highest common divisor of 27336 and 2142?
102
Calculate the highest common factor of 2928 and 402.
6
What is the highest common factor of 6821 and 95?
19
Calculate the highest common factor of 3339008 and 80.
16
Calculate the greatest common factor of 31458 and 48.
6
Calculate the greatest common divisor of 2226 and 1546434.
318
What is the highest common divisor of 4439 and 386?
193
Calculate the highest common factor of 2718 and 18422.
302
What is the highest common divisor of 2639049 and 21?
21
What is the highest common divisor of 158908 and 236?
4
Calculate the greatest common divisor of 2492 and 33108.
356
Calculate the greatest common factor of 68940 and 765.
45
Calculate the greatest common divisor of 2810 and 3140.
10
Calculate the highest common divisor of 60800 and 4.
4
What is the highest common factor of 11118 and 18411?
51
Calculate the greatest common factor of 308 and 59972.
44
What is the highest common factor of 17 and 3262793?
17
Calculate the greatest common divisor of 69 and 4743267.
69
Calculate the greatest common factor of 27360 and 16758.
342
Calculate the greatest common factor of 8052 and 98736.
132
What is the highest common factor of 41 and 401021?
41
Calculate the greatest common factor of 68 and 363766.
34
Calculate the highest common divisor of 2151 and 1526493.
717
What is the highest common divisor of 1512 and 868752?
216
What is the greatest common factor of 166 and 24651?
83
Calculate the highest common divisor of 30496 and 400.
16
What is the greatest common factor of 3096 and 3584394?
774
What is the highest common divisor of 8 and 436656?
8
Calculate the greatest common factor of 1446653 and 514.
257
Calculate the highest common factor of 131793 and 591.
591
What is the highest common factor of 454764 and 84?
12
Calculate the greatest common divisor of 21712 and 137057.
1357
What is the greatest common factor of 10234 and 1442?
14
Calculate the highest common divisor of 767 and 44018.
13
Calculate the highest common factor of 38 and 66443.
19
Calculate the greatest common divisor of 22 and 27126.
22
What is the greatest common divisor of 32 and 233488?
16
Calculate the greatest common factor of 19430 and 1015.
145
Calculate the greatest common factor of 1981442 and 526.
526
What is the greatest common divisor of 413445 and 45?
15
Calculate the greatest common factor of 39999 and 199.
199
What is the highest common divisor of 9 and 24816?
3
What is the greatest common divisor of 52 and 9087?
13
What is the greatest common factor of 65836 and 18421?
109
What is the highest common divisor of 258232 and 117?
13
Calculate the highest common factor of 457371 and 89.
89
What is the greatest common factor of 392 and 51254?
98
Calculate the highest common factor of 12488380 and 10.
10
Calculate the highest common divisor of 5591527 and 251.
251
What is the greatest common factor of 1423682 and 1326?
442
Calculate the highest common factor of 62634 and 66.
66
Calculate the greatest common factor of 16274 and 632.
158
What is the greatest common divisor of 162 and 18747?
9
Calculate the greatest common divisor of 12000 and 55.
5
Calculate the greatest common factor of 96415 and 55.
55
What is the greatest common divisor of 11764 and 108644?
692
Calculate the highest common factor of 47874 and 4266.
474
Calculate the greatest common factor of 2724 and 420.
12
What is the highest common factor of 205392 and 176?
176
Calculate the greatest common divisor of 4746 and 12306.
42
Calculate the highest common divisor of 1445 and 1920405.
1445
What is the greatest common factor of 37298 and 170?
34
Calculate the greatest common divisor of 3074280 and 66.
66
Calculate the greatest common factor of 36 and 953532.
36
What is the greatest common factor of 26791 and 19818?
367
What is the highest common factor of 559944 and 1089?
99
What is the highest common divisor of 12 and 580404?
12
What is the greatest common divisor of 7777 and 99792?
77
What is the greatest common factor of 663 and 4947?
51
What is the greatest common factor of 75 and 490525?
25
Calculate the highest common factor of 442766 and 214.
214
What is the greatest common factor of 1132 and 20?
4
What is the highest common divisor of 50646 and 18078?
138
What is the highest common divisor of 89 and 659312?
89
Calculate the highest common divisor of 2553 and 6003.
69
What is the highest common factor of 63 and 2763?
9
Calculate the greatest common factor of 24653 and 121049.
277
Calculate the greatest common divisor of 8834 and 4158.
14
What is the highest common factor of 207 and 3006?
9
Calculate the greatest common divisor of 71328 and 96.
96
What is the greatest common divisor of 294 and 3108?
42
Calculate the highest common divisor of 2108 and 51.
17
What is the highest common factor of 70650 and 23850?
450
What is the highest common divisor of 56616 and 6384?
168
Calculate the highest common divisor of 317 and 32.
1
Calculate the highest common factor of 132720 and 280.
280
What is the greatest common divisor of 39 and 2305264?
13
What is the greatest common divisor of 16895 and 4495?
155
What is the greatest common factor of 2812 and 191956?
148
Calculate the highest common divisor of 6426 and 67466.
14
Calculate the highest common divisor of 8253 and 504.
63
What is the highest common divisor of 3443 and 70752?
11
What is the greatest common factor of 82881 and 9?
9
What is the greatest common divisor of 58 and 65801?
29
Calculate the highest common factor of 606 and 37662.
6
Calculate the greatest common divisor of 819 and 5229.
63
What is the highest common divisor of 417313 and 3055?
611
Calculate the highest common divisor of 152044 and 4.
4
What is the highest common divisor of 5216 and 1072?
16
Calculate the greatest common divisor of 90170 and 213.
71
What is the greatest common divisor of 48 and 14502?
6
Calculate the highest common divisor of 8251 and 19573.
37
What is the highest common divisor of 4309 and 20863?
31
What is the greatest common factor of 16560 and 6?
6
Calculate the greatest common factor of 1510 and 7996205.
755
Calculate the greatest common factor of 38 and 5092.
38
Calculate the highest common divisor of 912 and 468168.
24
What is the highest common factor of 309728 and 80?
16
What is the greatest common factor of 3656 and 175031?
457
Calculate the greatest common factor of 6138 and 806.
62
What is the highest common factor of 768 and 30144?
192
What is the greatest common factor of 7420 and 65508?
212
What is the greatest common factor of 3142220 and 1140?
380
Calculate the greatest common factor of 43385 and 615.
5
Calculate the highest common factor of 246 and 16608.
6
What is the greatest common factor of 1474412 and 1328?
332
What is the highest common factor of 13120 and 1939136?
2624
Calculate the greatest common divisor of 105532 and 994.
14
Calculate the highest common divisor of 46 and 1148942.
46
Calculate the greatest common factor of 108 and 113052.
12
Calculate the greatest common divisor of 77343 and 105.
21
What is the greatest common factor of 55404 and 228?
228
What is the greatest common factor of 2896 and 83803?
181
Calculate the greatest common divisor of 5432936 and 1153.
1153
What is the greatest common divisor of 132 and 100200?
12
What is the greatest common divisor of 1390 and 590?
10
What is the greatest common divisor of 305 and 7259?
61
Calculate the highest common factor of 34656 and 13718.
722
What is the highest common divisor of 2772 and 5852?
308
Calculate the greatest common factor of 38322 and 198.
18
What is the greatest common factor of 11 and 92455?
11
Calculate the greatest common divisor of 255 and 235671.
51
What is the highest common factor of 16789 and 5053?
163
Calculate the greatest common factor of 215 and 3889565.
215
What is the highest common divisor of 1647 and 2928?
183
Calculate the highest common factor of 780 and 325780.
260
What is the highest common factor of 9632 and 1792?
224
What is the highest common divisor of 546 and 8631714?
546
What is the highest common factor of 117 and 1547?
13
What is the greatest common factor of 4539